{"id":234,"date":"2018-03-22T06:23:52","date_gmt":"2018-03-22T05:23:52","guid":{"rendered":"https:\/\/demo.themegrill.com\/radiate\/?page_id=229"},"modified":"2024-10-29T08:38:07","modified_gmt":"2024-10-29T07:38:07","slug":"contact","status":"publish","type":"page","link":"https:\/\/climenservices.com\/index.php\/contact\/","title":{"rendered":"Contact"},"content":{"rendered":"\n<figure class=\"wp-block-image size-large\"><img loading=\"lazy\" decoding=\"async\" width=\"1024\" height=\"307\" src=\"https:\/\/climenservices.com\/wp-content\/uploads\/2023\/10\/cropped-IMG_2395-1-scaled-1-1024x307.jpg\" alt=\"\" class=\"wp-image-284\" srcset=\"https:\/\/climenservices.com\/wp-content\/uploads\/2023\/10\/cropped-IMG_2395-1-scaled-1-1024x307.jpg 1024w, https:\/\/climenservices.com\/wp-content\/uploads\/2023\/10\/cropped-IMG_2395-1-scaled-1-300x90.jpg 300w, https:\/\/climenservices.com\/wp-content\/uploads\/2023\/10\/cropped-IMG_2395-1-scaled-1-768x230.jpg 768w, https:\/\/climenservices.com\/wp-content\/uploads\/2023\/10\/cropped-IMG_2395-1-scaled-1.jpg 1500w\" sizes=\"auto, (max-width: 1024px) 100vw, 1024px\" \/><\/figure>\n\n\n\n<figure class=\"wp-block-image size-full is-resized\"><img loading=\"lazy\" decoding=\"async\" width=\"866\" height=\"118\" src=\"https:\/\/climenservices.com\/wp-content\/uploads\/2024\/04\/Interligne-blanc.png\" alt=\"\" class=\"wp-image-951\" style=\"width:147px;height:auto\" srcset=\"https:\/\/climenservices.com\/wp-content\/uploads\/2024\/04\/Interligne-blanc.png 866w, https:\/\/climenservices.com\/wp-content\/uploads\/2024\/04\/Interligne-blanc-300x41.png 300w, https:\/\/climenservices.com\/wp-content\/uploads\/2024\/04\/Interligne-blanc-768x105.png 768w\" sizes=\"auto, (max-width: 866px) 100vw, 866px\" \/><\/figure>\n\n\n\n<p class=\"has-text-align-center\"><strong>Nos bureaux et notre entrep\u00f4t sont situ\u00e9s \u00e0 TOULOUSE (Haute-Garonne \/ Occitanie)<\/strong><\/p>\n\n\n\n<p class=\"has-text-align-center\">Ouvert du lundi au jeudi de <strong>8h00 \u00e0 17h00<\/strong>  et de <strong>8h00 \u00e0 12h00<\/strong> le vendredi<\/p>\n\n\n\n<figure class=\"wp-block-image size-full is-resized\"><img loading=\"lazy\" decoding=\"async\" width=\"866\" height=\"118\" src=\"https:\/\/climenservices.com\/wp-content\/uploads\/2024\/04\/Interligne-blanc.png\" alt=\"\" class=\"wp-image-951\" style=\"width:235px;height:auto\" srcset=\"https:\/\/climenservices.com\/wp-content\/uploads\/2024\/04\/Interligne-blanc.png 866w, https:\/\/climenservices.com\/wp-content\/uploads\/2024\/04\/Interligne-blanc-300x41.png 300w, https:\/\/climenservices.com\/wp-content\/uploads\/2024\/04\/Interligne-blanc-768x105.png 768w\" sizes=\"auto, (max-width: 866px) 100vw, 866px\" \/><\/figure>\n\n\n\n<h5 class=\"wp-block-heading\"><\/h5>\n\n\n\n<p><strong>T\u00e9l\u00e9phone :<\/strong><\/p>\n\n\n\n<p>05 61 15 72 13<\/p>\n\n\n\n<p><strong>E-mail :<\/strong><\/p>\n\n\n\n<p>climenservices@gmail.com<\/p>\n\n\n\n<p><strong>Adresse :<\/strong><\/p>\n\n\n\n<p>35 rue Paule Raymondis &nbsp;31200<strong> TOULOUSE <\/strong>&nbsp;(Rocade sortie 15, Auchan Gramont)<\/p>\n\n\n\n<figure class=\"wp-block-image size-full is-resized\"><img loading=\"lazy\" decoding=\"async\" width=\"866\" height=\"118\" src=\"https:\/\/climenservices.com\/wp-content\/uploads\/2024\/04\/Interligne-blanc.png\" alt=\"\" class=\"wp-image-951\" style=\"width:228px;height:auto\" srcset=\"https:\/\/climenservices.com\/wp-content\/uploads\/2024\/04\/Interligne-blanc.png 866w, https:\/\/climenservices.com\/wp-content\/uploads\/2024\/04\/Interligne-blanc-300x41.png 300w, https:\/\/climenservices.com\/wp-content\/uploads\/2024\/04\/Interligne-blanc-768x105.png 768w\" sizes=\"auto, (max-width: 866px) 100vw, 866px\" \/><\/figure>\n\n\n\n<p>Pour toute demande de rdv ou de devis :<\/p>\n\n\n\n<ul class=\"wp-block-list\">\n<li><a href=\"https:\/\/climenservices.com\/index.php\/installation\/\" data-type=\"page\" data-id=\"422\">installation<\/a><\/li>\n\n\n\n<li><a href=\"https:\/\/climenservices.com\/index.php\/431-2\/\" data-type=\"page\" data-id=\"431\">entretien, d\u00e9sembouage<\/a><\/li>\n\n\n\n<li><a href=\"https:\/\/climenservices.com\/index.php\/free-support\/\" data-type=\"page\" data-id=\"46\">diagnostic de panne ou d\u00e9pannage<\/a><\/li>\n<\/ul>\n\n\n\n<p>Pr\u00e9parez votre appel pour le mat\u00e9riel que vous poss\u00e9dez d\u00e9j\u00e0, avec sa MARQUE, son MODELE ou sa R\u00c9F\u00c9RENCE, son N\u00b0 de S\u00c9RIE, le Type et la Quantit\u00e9 de GAZ dans l&rsquo;\u00e9quipement (R22, R32, R407C, R410A, R&#8230;.. : x kg) et\/ou une photo si n\u00e9cessaire de la plaque signal\u00e9tique. Elle se trouve sur un des c\u00f4t\u00e9s de groupe \u00e0 l&rsquo;ext\u00e9rieur (si elle n&rsquo;est pas effac\u00e9e) et\/ou sur les unit\u00e9s int\u00e9rieures.<\/p>\n\n\n\n<figure class=\"wp-block-image size-full is-resized\"><img loading=\"lazy\" decoding=\"async\" width=\"866\" height=\"118\" src=\"https:\/\/climenservices.com\/wp-content\/uploads\/2024\/04\/Interligne-blanc.png\" alt=\"\" class=\"wp-image-951\" style=\"width:228px;height:auto\" srcset=\"https:\/\/climenservices.com\/wp-content\/uploads\/2024\/04\/Interligne-blanc.png 866w, https:\/\/climenservices.com\/wp-content\/uploads\/2024\/04\/Interligne-blanc-300x41.png 300w, https:\/\/climenservices.com\/wp-content\/uploads\/2024\/04\/Interligne-blanc-768x105.png 768w\" sizes=\"auto, (max-width: 866px) 100vw, 866px\" \/><\/figure>\n\n\n\n<p>Nous vous recevons sur rdv, \u00e0 votre convenance pour les horaires du lundi au vendredi. Nous nous d\u00e9pla\u00e7ons \u00e9galement chez vous pour r\u00e9aliser un devis gratuit pour votre projet d&rsquo;installation de :<\/p>\n\n\n\n<ul class=\"wp-block-list\">\n<li><a href=\"https:\/\/climenservices.com\/index.php\/splits-et-multisplits\/\" data-type=\"page\" data-id=\"912\">Climatisation split et multisplit<\/a><\/li>\n\n\n\n<li><a href=\"https:\/\/climenservices.com\/index.php\/gainables\/\" data-type=\"page\" data-id=\"914\">Climatisation gainable<\/a><\/li>\n\n\n\n<li><a href=\"https:\/\/climenservices.com\/index.php\/sur-lair\/\" data-type=\"page\" data-id=\"641\">R\u00e9gulation gainable ou split<\/a><\/li>\n\n\n\n<li><a href=\"https:\/\/climenservices.com\/index.php\/pompe-a-chaleur-2\/\" data-type=\"page\" data-id=\"645\">Pompe \u00e0 chaleur piscine<\/a><\/li>\n\n\n\n<li><a href=\"https:\/\/climenservices.com\/index.php\/deshumidificateur\/\" data-type=\"page\" data-id=\"647\">D\u00e9shumidification piscine int\u00e9rieure<\/a><\/li>\n\n\n\n<li><a href=\"https:\/\/climenservices.com\/index.php\/pompe-a-chaleur-air-eau\/\" data-type=\"page\" data-id=\"1062\">Pompe \u00e0 chaleur Air \/ Eau ext\u00e9rieure<\/a><\/li>\n\n\n\n<li><a href=\"https:\/\/climenservices.com\/index.php\/pompe-a-chaleur-air-eau-interieure\/\" data-type=\"page\" data-id=\"1066\">Pompe \u00e0 chaleur Air \/ Eau int\u00e9rieure<\/a><\/li>\n\n\n\n<li><a href=\"https:\/\/climenservices.com\/index.php\/pompe-a-chaleur-geothermie\/\" data-type=\"page\" data-id=\"1064\">Pompe \u00e0 chaleur g\u00e9othermie Eau \/ Eau<\/a><\/li>\n\n\n\n<li>Plancher chauffant<\/li>\n\n\n\n<li><a href=\"https:\/\/climenservices.com\/index.php\/le-plafond-chauffant\/\" data-type=\"page\" data-id=\"685\">Plafond chauffant \/ rafraichissant<\/a><\/li>\n\n\n\n<li><a href=\"https:\/\/climenservices.com\/index.php\/sur-leau\/\" data-type=\"page\" data-id=\"643\">R\u00e9gulation zone par zone ou radiateurs<\/a><\/li>\n\n\n\n<li><a href=\"https:\/\/climenservices.com\/index.php\/ecs\/\" data-type=\"page\" data-id=\"1254\">Eau Chaude Sanitaire<\/a><\/li>\n\n\n\n<li><a href=\"https:\/\/climenservices.com\/index.php\/caves-a-vin\/\" data-type=\"page\" data-id=\"916\">Climatisation cave \u00e0 vin<\/a><\/li>\n<\/ul>\n\n\n\n<p>Pr\u00e9parez notre rdv avec le plus d&rsquo;\u00e9l\u00e9ments concernant votre projet, PLANS, photos, dimensions, sch\u00e9mas et contraintes de mise en oeuvre (espaces disponibles, voisinage, autorisation copropri\u00e9t\u00e9&#8230;.)<\/p>\n","protected":false},"excerpt":{"rendered":"<p>Nos bureaux et notre entrep\u00f4t sont situ\u00e9s \u00e0 TOULOUSE (Haute-Garonne \/ Occitanie) Ouvert du lundi au jeudi de 8h00 \u00e0 17h00 et de 8h00 \u00e0&hellip;<\/p>\n","protected":false},"author":1,"featured_media":0,"parent":0,"menu_order":0,"comment_status":"closed","ping_status":"closed","template":"","meta":{"footnotes":""},"class_list":["post-234","page","type-page","status-publish","hentry"],"_links":{"self":[{"href":"https:\/\/climenservices.com\/index.php\/wp-json\/wp\/v2\/pages\/234","targetHints":{"allow":["GET"]}}],"collection":[{"href":"https:\/\/climenservices.com\/index.php\/wp-json\/wp\/v2\/pages"}],"about":[{"href":"https:\/\/climenservices.com\/index.php\/wp-json\/wp\/v2\/types\/page"}],"author":[{"embeddable":true,"href":"https:\/\/climenservices.com\/index.php\/wp-json\/wp\/v2\/users\/1"}],"replies":[{"embeddable":true,"href":"https:\/\/climenservices.com\/index.php\/wp-json\/wp\/v2\/comments?post=234"}],"version-history":[{"count":74,"href":"https:\/\/climenservices.com\/index.php\/wp-json\/wp\/v2\/pages\/234\/revisions"}],"predecessor-version":[{"id":1527,"href":"https:\/\/climenservices.com\/index.php\/wp-json\/wp\/v2\/pages\/234\/revisions\/1527"}],"wp:attachment":[{"href":"https:\/\/climenservices.com\/index.php\/wp-json\/wp\/v2\/media?parent=234"}],"curies":[{"name":"wp","href":"https:\/\/api.w.org\/{rel}","templated":true}]}}