{"id":641,"date":"2023-11-15T11:02:38","date_gmt":"2023-11-15T10:02:38","guid":{"rendered":"https:\/\/climenservices.com\/?page_id=641"},"modified":"2024-04-22T12:01:38","modified_gmt":"2024-04-22T10:01:38","slug":"sur-lair","status":"publish","type":"page","link":"https:\/\/climenservices.com\/index.php\/sur-lair\/","title":{"rendered":"R\u00e9gulation climatisations"},"content":{"rendered":"\n<h3 class=\"wp-block-heading has-text-align-center\">Pour r\u00e9guler zone par zone \u00e0 partir d&rsquo;un climatiseur gainable<\/h3>\n\n\n<div class=\"wp-block-image\">\n<figure class=\"aligncenter size-large is-resized\"><img loading=\"lazy\" decoding=\"async\" width=\"1024\" height=\"293\" src=\"https:\/\/climenservices.com\/wp-content\/uploads\/2024\/04\/Thermostats-1024x293.png\" alt=\"\" class=\"wp-image-987\" style=\"width:468px;height:auto\" srcset=\"https:\/\/climenservices.com\/wp-content\/uploads\/2024\/04\/Thermostats-1024x293.png 1024w, https:\/\/climenservices.com\/wp-content\/uploads\/2024\/04\/Thermostats-300x86.png 300w, https:\/\/climenservices.com\/wp-content\/uploads\/2024\/04\/Thermostats-768x220.png 768w, https:\/\/climenservices.com\/wp-content\/uploads\/2024\/04\/Thermostats.png 1145w\" sizes=\"auto, (max-width: 1024px) 100vw, 1024px\" \/><\/figure>\n<\/div>\n\n\n<p class=\"has-text-align-center\"><strong>AIRZONE LITE, BLUEFACE et THINK : une gamme de thermostats simples et intuitifs<\/strong><\/p>\n\n\n\n<figure class=\"wp-block-image size-full is-resized\"><img loading=\"lazy\" decoding=\"async\" width=\"866\" height=\"118\" src=\"https:\/\/climenservices.com\/wp-content\/uploads\/2024\/04\/Interligne-blanc.png\" alt=\"\" class=\"wp-image-951\" style=\"width:220px;height:auto\" srcset=\"https:\/\/climenservices.com\/wp-content\/uploads\/2024\/04\/Interligne-blanc.png 866w, https:\/\/climenservices.com\/wp-content\/uploads\/2024\/04\/Interligne-blanc-300x41.png 300w, https:\/\/climenservices.com\/wp-content\/uploads\/2024\/04\/Interligne-blanc-768x105.png 768w\" sizes=\"auto, (max-width: 866px) 100vw, 866px\" \/><\/figure>\n\n\n\n<p><strong>Pl\u00e9nums motoris\u00e9s Easyzone QAI<\/strong><\/p>\n\n\n\n<p>Gr\u00e2ce aux pl\u00e9nums motoris\u00e9s Easyzone QAI, les installations d\u2019unit\u00e9s gainables pour les logements ou les locaux tertiaires, peuvent assurer la r\u00e9gulation par zone tout en assainissant l\u2019air int\u00e9rieur afin d\u2019am\u00e9liorer \/ d\u2019accroitre le confort thermique dans toutes les pi\u00e8ces et de faire des \u00e9conomies d\u2019\u00e9nergie et ce jusqu\u2019\u00e0 8 zones ind\u00e9pendamment les unes des autres.<\/p>\n\n\n<div class=\"wp-block-image\">\n<figure class=\"aligncenter size-full is-resized\"><img loading=\"lazy\" decoding=\"async\" width=\"805\" height=\"450\" src=\"https:\/\/climenservices.com\/wp-content\/uploads\/2024\/04\/Plenum-AIRZONE.png\" alt=\"\" class=\"wp-image-1026\" style=\"width:299px;height:auto\" srcset=\"https:\/\/climenservices.com\/wp-content\/uploads\/2024\/04\/Plenum-AIRZONE.png 805w, https:\/\/climenservices.com\/wp-content\/uploads\/2024\/04\/Plenum-AIRZONE-300x168.png 300w, https:\/\/climenservices.com\/wp-content\/uploads\/2024\/04\/Plenum-AIRZONE-768x429.png 768w\" sizes=\"auto, (max-width: 805px) 100vw, 805px\" \/><\/figure>\n<\/div>\n\n\n<p>Chaque registre motoris\u00e9 est dot\u00e9\u0301 d\u2019un m\u00e9canisme de r\u00e9gulation brevet\u00e9\u0301 qui \u00e9quilibre le d\u00e9bit d\u2019air. Le d\u00e9bit d\u2019air insuffl\u00e9 est ajust\u00e9 automatiquement pour obtenir un confort maximal tant sur le plan thermique qu\u2019acoustique. Chaque registre int\u00e8gre un ioniseur d\u2019air. Lorsque l\u2019ionisation est activ\u00e9e dans une zone, elle se d\u00e9clenche d\u00e8s lors que cette derni\u00e8re est en demande et que le syst\u00e8me d\u00e9tecte de l\u2019air vici\u00e9.<\/p>\n\n\n\n<p>Il est possible de contr\u00f4ler votre chauffage et climatisation zone par zone depuis votre smartphone, assistants vocaux ou autre domotique.<\/p>\n\n\n\n<p>Toutes les sorties int\u00e8grent un m\u00e9canisme de r\u00e9gulation de d\u00e9bit brevet\u00e9 afin de contr\u00f4ler le d\u00e9bit qui passe \u00e0 travers chacune d\u2019entre elles. Cette innovation permet d\u2019ajuster l\u2019ouverture maximum du registre motoris\u00e9 pour \u00e9quilibrer le d\u00e9bit de chaque sortie. Elle permet aussi de contr\u00f4ler la fermeture maximum afin de maintenir un apport d\u2019air minimum constant lorsque la zone n\u2019est pas en demande.<\/p>\n\n\n\n<figure class=\"wp-block-image size-full is-resized\"><img loading=\"lazy\" decoding=\"async\" width=\"866\" height=\"118\" src=\"https:\/\/climenservices.com\/wp-content\/uploads\/2024\/04\/Interligne-blanc.png\" alt=\"\" class=\"wp-image-951\" style=\"width:220px;height:auto\" srcset=\"https:\/\/climenservices.com\/wp-content\/uploads\/2024\/04\/Interligne-blanc.png 866w, https:\/\/climenservices.com\/wp-content\/uploads\/2024\/04\/Interligne-blanc-300x41.png 300w, https:\/\/climenservices.com\/wp-content\/uploads\/2024\/04\/Interligne-blanc-768x105.png 768w\" sizes=\"auto, (max-width: 866px) 100vw, 866px\" \/><\/figure>\n\n\n\n<p><strong>THERMOSTAT AIRZONE LITE<\/strong><\/p>\n\n\n\n<figure class=\"wp-block-image size-full\"><img loading=\"lazy\" decoding=\"async\" width=\"186\" height=\"116\" src=\"https:\/\/climenservices.com\/wp-content\/uploads\/2024\/04\/GraphiqueColle-1.png\" alt=\"\" class=\"wp-image-1002\"\/><\/figure>\n\n\n\n<p>Une interface moderne avec des codes couleurs qui vous indiquent le mode et la temp\u00e9rature. Il permet de r\u00e9guler la temp\u00e9rature de la zone de + ou \u2013 3\u00b0C gr\u00e2ce \u00e0 des boutons capacitifs et des LED d\u2019\u00e9tat. Id\u00e9al pour les chambres d\u2019enfant ou les plateaux de bureaux.<\/p>\n\n\n\n<p><em>Caract\u00e9ristiques&nbsp;:<\/em><\/p>\n\n\n\n<ul class=\"wp-block-list\">\n<li>Connexion filaire et radio<\/li>\n\n\n\n<li>Existe en blanc ou noir<\/li>\n\n\n\n<li>Finition acier et verre tremp\u00e9<\/li>\n<\/ul>\n\n\n\n<p><em>Fonctionnalit\u00e9s&nbsp;:<\/em><\/p>\n\n\n\n<ul class=\"wp-block-list\">\n<li>Marche \/ arr\u00eat<\/li>\n\n\n\n<li>Contr\u00f4le de la temp\u00e9rature<\/li>\n\n\n\n<li>Lecture de la temp\u00e9rature ambiante et du taux d\u2019humidit\u00e9<\/li>\n\n\n\n<li>Lumi\u00e8res LED<\/li>\n<\/ul>\n\n\n\n<figure class=\"wp-block-image size-full is-resized\"><img loading=\"lazy\" decoding=\"async\" width=\"866\" height=\"118\" src=\"https:\/\/climenservices.com\/wp-content\/uploads\/2024\/04\/Interligne-blanc.png\" alt=\"\" class=\"wp-image-951\" style=\"width:220px;height:auto\" srcset=\"https:\/\/climenservices.com\/wp-content\/uploads\/2024\/04\/Interligne-blanc.png 866w, https:\/\/climenservices.com\/wp-content\/uploads\/2024\/04\/Interligne-blanc-300x41.png 300w, https:\/\/climenservices.com\/wp-content\/uploads\/2024\/04\/Interligne-blanc-768x105.png 768w\" sizes=\"auto, (max-width: 866px) 100vw, 866px\" \/><\/figure>\n\n\n\n<p><strong>THERMOSTAT AIRZONE BLUEFACE<\/strong><\/p>\n\n\n\n<figure class=\"wp-block-image size-full\"><img loading=\"lazy\" decoding=\"async\" width=\"213\" height=\"128\" src=\"https:\/\/climenservices.com\/wp-content\/uploads\/2024\/04\/GraphiqueColle-3.png\" alt=\"\" class=\"wp-image-1004\"\/><\/figure>\n\n\n\n<p>Un thermostat d\u2019ambiance programmable dot\u00e9<strong>&nbsp;<\/strong>d\u2019un&nbsp;\u00e9cran tactile couleur et&nbsp;d\u2019une interface graphique. C&rsquo;est le thermostat qui rassemble le plus de fonctionnalit\u00e9s dans la gamme.<\/p>\n\n\n\n<p><em>Caract\u00e9ristiques&nbsp;:<\/em><\/p>\n\n\n\n<ul class=\"wp-block-list\">\n<li>Connexion Filaire<\/li>\n\n\n\n<li>Existe en blanc ou noir<\/li>\n\n\n\n<li>Finition acier et verre tremp\u00e9<\/li>\n<\/ul>\n\n\n\n<p><em>Fonctionnalit\u00e9s&nbsp;:<\/em><\/p>\n\n\n\n<ul class=\"wp-block-list\">\n<li>Marche \/ arr\u00eat<\/li>\n\n\n\n<li>Contr\u00f4le de la temp\u00e9rature<\/li>\n\n\n\n<li>Contr\u00f4le de la vitesse<\/li>\n\n\n\n<li>Lecture de la temp\u00e9rature ambiante et du taux d\u2019humidit\u00e9<\/li>\n\n\n\n<li>S\u00e9lection du mode* (disponible si thermostat configur\u00e9 en tant que principal)<\/li>\n\n\n\n<li>Configuration avanc\u00e9e<\/li>\n\n\n\n<li>Navigation par zones<\/li>\n\n\n\n<li>Mode veille<\/li>\n\n\n\n<li>Donn\u00e9es m\u00e9t\u00e9orologiques* (disponible uniquement avec Webserveur)<\/li>\n\n\n\n<li>Fonction Eco Adapt<\/li>\n\n\n\n<li>Utiliser conjointement des sources de chauffage pour obtenir un confort maximal<\/li>\n<\/ul>\n\n\n\n<figure class=\"wp-block-image size-full is-resized\"><img loading=\"lazy\" decoding=\"async\" width=\"866\" height=\"118\" src=\"https:\/\/climenservices.com\/wp-content\/uploads\/2024\/04\/Interligne-blanc.png\" alt=\"\" class=\"wp-image-951\" style=\"width:219px;height:auto\" srcset=\"https:\/\/climenservices.com\/wp-content\/uploads\/2024\/04\/Interligne-blanc.png 866w, https:\/\/climenservices.com\/wp-content\/uploads\/2024\/04\/Interligne-blanc-300x41.png 300w, https:\/\/climenservices.com\/wp-content\/uploads\/2024\/04\/Interligne-blanc-768x105.png 768w\" sizes=\"auto, (max-width: 866px) 100vw, 866px\" \/><\/figure>\n\n\n\n<p><strong>THERMOSTAT AIRZONE THINK<\/strong><\/p>\n\n\n\n<figure class=\"wp-block-image size-full\"><img loading=\"lazy\" decoding=\"async\" width=\"201\" height=\"117\" src=\"https:\/\/climenservices.com\/wp-content\/uploads\/2024\/04\/GraphiqueColle-2.png\" alt=\"\" class=\"wp-image-1003\"\/><\/figure>\n\n\n\n<p>Un thermostat d\u2019ambiance programmable dot\u00e9 d\u2019un \u00e9cran graphique \u00e0 encre \u00e9lectronique avec filtre polarisant et de boutons capacitifs pour contr\u00f4ler la zone.&nbsp;<\/p>\n\n\n\n<p><em>Caract\u00e9ristiques&nbsp;:<\/em><\/p>\n\n\n\n<ul class=\"wp-block-list\">\n<li>Existe en blanc ou noir<\/li>\n\n\n\n<li>Connexion radio<\/li>\n\n\n\n<li>Finition acier et verre tremp\u00e9<\/li>\n<\/ul>\n\n\n\n<p><em>Fonctionnalit\u00e9s&nbsp;:<\/em><\/p>\n\n\n\n<ul class=\"wp-block-list\">\n<li>Marche \/ arr\u00eat<\/li>\n\n\n\n<li>Contr\u00f4le de la temp\u00e9rature<\/li>\n\n\n\n<li>Contr\u00f4le de la vitesse<\/li>\n\n\n\n<li>Lecture de la temp\u00e9rature ambiante et du taux d\u2019humidit\u00e9<\/li>\n\n\n\n<li>S\u00e9lection du mode* (disponible si thermostat configur\u00e9 en tant que principal)<\/li>\n\n\n\n<li>Configuration avanc\u00e9e<\/li>\n\n\n\n<li>Navigation par zones<\/li>\n\n\n\n<li>Mode veille<\/li>\n\n\n\n<li>Donn\u00e9es m\u00e9t\u00e9orologiques* (disponible uniquement avec Webserveur)<\/li>\n<\/ul>\n\n\n\n<figure class=\"wp-block-image size-full is-resized\"><img loading=\"lazy\" decoding=\"async\" width=\"866\" height=\"118\" src=\"https:\/\/climenservices.com\/wp-content\/uploads\/2024\/04\/Interligne-blanc.png\" alt=\"\" class=\"wp-image-951\" style=\"width:228px;height:auto\" srcset=\"https:\/\/climenservices.com\/wp-content\/uploads\/2024\/04\/Interligne-blanc.png 866w, https:\/\/climenservices.com\/wp-content\/uploads\/2024\/04\/Interligne-blanc-300x41.png 300w, https:\/\/climenservices.com\/wp-content\/uploads\/2024\/04\/Interligne-blanc-768x105.png 768w\" sizes=\"auto, (max-width: 866px) 100vw, 866px\" \/><\/figure>\n\n\n\n<p><strong>IONISEUR D\u2019AIR pour les syst\u00e8mes gainables<\/strong><\/p>\n\n\n\n<p>La qualit\u00e9 de l\u2019air int\u00e9rieur (QAI) fait r\u00e9f\u00e9rence aux niveaux de puret\u00e9 de l\u2019air respirable \u00e0 l\u2019int\u00e9rieur d\u2019un b\u00e2timent.&nbsp;<\/p>\n\n\n\n<p>La temp\u00e9rature, l\u2019humidit\u00e9, le CO2 et les particules en suspension dans l\u2019air tels que la poussi\u00e8re, les acariens, les COV (compos\u00e9s organiques volatiles) et les m\u00e9langes tels que les d\u00e9sodorisants ou la fum\u00e9e ont tous une incidence sur la qualit\u00e9 de l\u2019air.<\/p>\n\n\n\n<p>Les espaces int\u00e9rieurs peuvent \u00eatre jusqu\u2019\u00e0 5 fois plus pollu\u00e9s que l\u2019air ext\u00e9rieur. Une mauvaise qualit\u00e9 de l\u2019air peut provoquer des allergies, de la fatigue, des vertiges, des maux de t\u00eate et une irritation des yeux, du nez et de la gorge.<\/p>\n\n\n\n<p>La purification de l\u2019air est un processus visant \u00e0 neutraliser les polluants et les particules nocives qui sont en suspension dans l\u2019air afin d\u2019am\u00e9liorer la qualit\u00e9 de l\u2019air int\u00e9rieur.<\/p>\n\n\n\n<p>L\u2019ionisation est une technique de purifications de l\u2019air qui g\u00e9n\u00e8re des ions n\u00e9gatifs en grande quantit\u00e9. Ces ions entrent en contact avec les particules fines de l\u2019air int\u00e9rieur qui, en se regroupant augmentent en masse, et sont alors attir\u00e9s vers le sol. L\u2019ionisation de l\u2019air permet de diminuer le temps de suspensions des particules, pour ainsi r\u00e9duire de moiti\u00e9 les particules inhal\u00e9es. Les bienfaits de l\u2019ionisation se font \u00e9galement ressentir sur la sant\u00e9&nbsp;: am\u00e9lioration du tonus, baisse de la fatigue, meilleur humeur\u2026<\/p>\n\n\n\n<figure class=\"wp-block-image size-full is-resized\"><img loading=\"lazy\" decoding=\"async\" width=\"866\" height=\"118\" src=\"https:\/\/climenservices.com\/wp-content\/uploads\/2024\/04\/Interligne-blanc.png\" alt=\"\" class=\"wp-image-951\" style=\"width:220px;height:auto\" srcset=\"https:\/\/climenservices.com\/wp-content\/uploads\/2024\/04\/Interligne-blanc.png 866w, https:\/\/climenservices.com\/wp-content\/uploads\/2024\/04\/Interligne-blanc-300x41.png 300w, https:\/\/climenservices.com\/wp-content\/uploads\/2024\/04\/Interligne-blanc-768x105.png 768w\" sizes=\"auto, (max-width: 866px) 100vw, 866px\" \/><\/figure>\n\n\n\n<p><strong>WEBSERVER WIFI \/&nbsp;WEBSERVER HUB<\/strong><\/p>\n\n\n\n<p>Ces syst\u00e8mes fonctionnent par wifi ou par wifi et Ethernet. Ils permettent de contr\u00f4ler toutes les fonctionnalit\u00e9s (list\u00e9es ci-dessous) des syst\u00e8mes AIRZONE gr\u00e2ce aux applications gratuites disponibles pour Android et iOS ou via airzonecloud.com.<\/p>\n\n\n\n<p><em>Fonctionnalit\u00e9s&nbsp;communes aux Webserver :<\/em><\/p>\n\n\n\n<ul class=\"wp-block-list\">\n<li>Marche \/ arr\u00eat<\/li>\n\n\n\n<li>Contr\u00f4le de la temp\u00e9rature<\/li>\n\n\n\n<li>Lecture de l\u2019humidit\u00e9<\/li>\n\n\n\n<li>S\u00e9lection du mode<\/li>\n\n\n\n<li>Configuration avanc\u00e9e<\/li>\n\n\n\n<li>Navigation par zones<\/li>\n\n\n\n<li>Programmation horaires<\/li>\n\n\n\n<li>Fonction Eco Adapt<\/li>\n\n\n\n<li>Donn\u00e9es m\u00e9t\u00e9orologiques<\/li>\n\n\n\n<li>Modification du nom des zones<\/li>\n\n\n\n<li>Commande vocale (Amazon Alexa, Google Home)<\/li>\n<\/ul>\n\n\n\n<p>L\u2019\u00e9quipe support technique AIRZONE peut ainsi aussi se connecter \u00e0 distance pour actualiser le syst\u00e8me, pour configurer les param\u00e8tres de fonctionnement ou pour effectuer un diagnostic de l\u2019installation.&nbsp;<\/p>\n\n\n\n<p>De plus, le consommateur b\u00e9n\u00e9ficie d\u2019une ann\u00e9e suppl\u00e9mentaire de garantie.<\/p>\n\n\n\n<figure class=\"wp-block-image size-full is-resized\"><img loading=\"lazy\" decoding=\"async\" width=\"866\" height=\"118\" src=\"https:\/\/climenservices.com\/wp-content\/uploads\/2024\/04\/Interligne-blanc.png\" alt=\"\" class=\"wp-image-951\" style=\"width:220px;height:auto\" srcset=\"https:\/\/climenservices.com\/wp-content\/uploads\/2024\/04\/Interligne-blanc.png 866w, https:\/\/climenservices.com\/wp-content\/uploads\/2024\/04\/Interligne-blanc-300x41.png 300w, https:\/\/climenservices.com\/wp-content\/uploads\/2024\/04\/Interligne-blanc-768x105.png 768w\" sizes=\"auto, (max-width: 866px) 100vw, 866px\" \/><\/figure>\n\n\n\n<h3 class=\"wp-block-heading has-text-align-center\">Pour r\u00e9guler et contr\u00f4ler \u00e0 distance une unit\u00e9 int\u00e9rieure <\/h3>\n\n\n\n<h3 class=\"wp-block-heading has-text-align-center\">murale, console, cassette, gainable monozone<\/h3>\n\n\n<div class=\"wp-block-image\">\n<figure class=\"aligncenter size-full is-resized\"><img loading=\"lazy\" decoding=\"async\" width=\"559\" height=\"229\" src=\"https:\/\/climenservices.com\/wp-content\/uploads\/2024\/04\/Capture-decran-2024-04-18-a-14.26.23.png\" alt=\"\" class=\"wp-image-1039\" style=\"width:496px;height:auto\" srcset=\"https:\/\/climenservices.com\/wp-content\/uploads\/2024\/04\/Capture-decran-2024-04-18-a-14.26.23.png 559w, https:\/\/climenservices.com\/wp-content\/uploads\/2024\/04\/Capture-decran-2024-04-18-a-14.26.23-300x123.png 300w\" sizes=\"auto, (max-width: 559px) 100vw, 559px\" \/><\/figure>\n<\/div>\n\n\n<figure class=\"wp-block-image size-full is-resized\"><img loading=\"lazy\" decoding=\"async\" width=\"866\" height=\"118\" src=\"https:\/\/climenservices.com\/wp-content\/uploads\/2024\/04\/Interligne-blanc.png\" alt=\"\" class=\"wp-image-951\" style=\"width:230px;height:auto\" srcset=\"https:\/\/climenservices.com\/wp-content\/uploads\/2024\/04\/Interligne-blanc.png 866w, https:\/\/climenservices.com\/wp-content\/uploads\/2024\/04\/Interligne-blanc-300x41.png 300w, https:\/\/climenservices.com\/wp-content\/uploads\/2024\/04\/Interligne-blanc-768x105.png 768w\" sizes=\"auto, (max-width: 866px) 100vw, 866px\" \/><\/figure>\n\n\n\n<p><strong>AIRZONE AIDOO<\/strong><\/p>\n\n\n\n<figure class=\"wp-block-image size-full is-resized\"><img loading=\"lazy\" decoding=\"async\" width=\"300\" height=\"400\" src=\"https:\/\/climenservices.com\/wp-content\/uploads\/2024\/04\/aidoo-photo.jpeg\" alt=\"\" class=\"wp-image-1043\" style=\"width:171px;height:auto\" srcset=\"https:\/\/climenservices.com\/wp-content\/uploads\/2024\/04\/aidoo-photo.jpeg 300w, https:\/\/climenservices.com\/wp-content\/uploads\/2024\/04\/aidoo-photo-225x300.jpeg 225w\" sizes=\"auto, (max-width: 300px) 100vw, 300px\" \/><\/figure>\n\n\n\n<p>Boitier wifi qui s\u2019ajoute dans le climatiseur que vous poss\u00e9dez afin de ne pas remplacer le thermostat fabricant d\u2019origine qui est d\u00e9j\u00e0 en place chez vous. Ce dernier fonctionne avec une application disponible en 6 langues qui permet&nbsp;de :<\/p>\n\n\n\n<ul class=\"wp-block-list\">\n<li>Communiquer de fa\u00e7on bidirectionnelle totale avec l\u2019unit\u00e9 de chauffage\/climatisation : marche\/arr\u00eat, mode de fonctionnement, vitesse du ventilateur et temp\u00e9rature de consigne.<\/li>\n\n\n\n<li>Lire les avertissements et les erreurs de l\u2019unit\u00e9 de chauffage\/climatisation<\/li>\n\n\n\n<li>Choisir le mode souhait\u00e9 : Arr\u00eat, Confort, \u00c9co, Inoccup\u00e9, Nuit, Vacances<\/li>\n\n\n\n<li>Programmer les horaires des sc\u00e8nes et la temp\u00e9rature souhait\u00e9e<\/li>\n<\/ul>\n\n\n\n<p>De plus, Aidoo est aussi int\u00e9gr\u00e9 aux principaux syst\u00e8mes de domotique.&nbsp;<\/p>\n","protected":false},"excerpt":{"rendered":"<p>Pour r\u00e9guler zone par zone \u00e0 partir d&rsquo;un climatiseur gainable AIRZONE LITE, BLUEFACE et THINK : une gamme de thermostats simples et intuitifs Pl\u00e9nums motoris\u00e9s&hellip;<\/p>\n","protected":false},"author":1,"featured_media":0,"parent":0,"menu_order":0,"comment_status":"closed","ping_status":"closed","template":"","meta":{"footnotes":""},"class_list":["post-641","page","type-page","status-publish","hentry"],"_links":{"self":[{"href":"https:\/\/climenservices.com\/index.php\/wp-json\/wp\/v2\/pages\/641","targetHints":{"allow":["GET"]}}],"collection":[{"href":"https:\/\/climenservices.com\/index.php\/wp-json\/wp\/v2\/pages"}],"about":[{"href":"https:\/\/climenservices.com\/index.php\/wp-json\/wp\/v2\/types\/page"}],"author":[{"embeddable":true,"href":"https:\/\/climenservices.com\/index.php\/wp-json\/wp\/v2\/users\/1"}],"replies":[{"embeddable":true,"href":"https:\/\/climenservices.com\/index.php\/wp-json\/wp\/v2\/comments?post=641"}],"version-history":[{"count":37,"href":"https:\/\/climenservices.com\/index.php\/wp-json\/wp\/v2\/pages\/641\/revisions"}],"predecessor-version":[{"id":1179,"href":"https:\/\/climenservices.com\/index.php\/wp-json\/wp\/v2\/pages\/641\/revisions\/1179"}],"wp:attachment":[{"href":"https:\/\/climenservices.com\/index.php\/wp-json\/wp\/v2\/media?parent=641"}],"curies":[{"name":"wp","href":"https:\/\/api.w.org\/{rel}","templated":true}]}}