{"id":853,"date":"2024-04-17T16:00:36","date_gmt":"2024-04-17T14:00:36","guid":{"rendered":"https:\/\/climenservices.com\/?page_id=853"},"modified":"2024-04-17T16:00:36","modified_gmt":"2024-04-17T14:00:36","slug":"detail-des-operations-dentretien-deshumidificateur","status":"publish","type":"page","link":"https:\/\/climenservices.com\/index.php\/detail-des-operations-dentretien-deshumidificateur\/","title":{"rendered":"D\u00e9tail des op\u00e9rations d&rsquo;entretien D\u00e9shumidificateur"},"content":{"rendered":"\n<div data-wp-interactive=\"core\/file\" class=\"wp-block-file\"><object data-wp-bind--hidden=\"!state.hasPdfPreview\" hidden class=\"wp-block-file__embed\" data=\"https:\/\/climenservices.com\/wp-content\/uploads\/2024\/04\/Conditions-particulieres-DESHU.pdf\" type=\"application\/pdf\" style=\"width:100%;height:600px\" aria-label=\"Contenu embarqu\u00e9 Conditions-particulieres-DESHU.\"><\/object><a id=\"wp-block-file--media-dd0c4e8f-a53a-4412-ae7f-c43ce4e19e5e\" href=\"https:\/\/climenservices.com\/wp-content\/uploads\/2024\/04\/Conditions-particulieres-DESHU.pdf\">Conditions-particulieres-DESHU<\/a><a href=\"https:\/\/climenservices.com\/wp-content\/uploads\/2024\/04\/Conditions-particulieres-DESHU.pdf\" class=\"wp-block-file__button wp-element-button\" download aria-describedby=\"wp-block-file--media-dd0c4e8f-a53a-4412-ae7f-c43ce4e19e5e\"><br><\/a><\/div>\n","protected":false},"excerpt":{"rendered":"","protected":false},"author":1,"featured_media":0,"parent":0,"menu_order":0,"comment_status":"closed","ping_status":"closed","template":"","meta":{"footnotes":""},"class_list":["post-853","page","type-page","status-publish","hentry"],"_links":{"self":[{"href":"https:\/\/climenservices.com\/index.php\/wp-json\/wp\/v2\/pages\/853","targetHints":{"allow":["GET"]}}],"collection":[{"href":"https:\/\/climenservices.com\/index.php\/wp-json\/wp\/v2\/pages"}],"about":[{"href":"https:\/\/climenservices.com\/index.php\/wp-json\/wp\/v2\/types\/page"}],"author":[{"embeddable":true,"href":"https:\/\/climenservices.com\/index.php\/wp-json\/wp\/v2\/users\/1"}],"replies":[{"embeddable":true,"href":"https:\/\/climenservices.com\/index.php\/wp-json\/wp\/v2\/comments?post=853"}],"version-history":[{"count":1,"href":"https:\/\/climenservices.com\/index.php\/wp-json\/wp\/v2\/pages\/853\/revisions"}],"predecessor-version":[{"id":855,"href":"https:\/\/climenservices.com\/index.php\/wp-json\/wp\/v2\/pages\/853\/revisions\/855"}],"wp:attachment":[{"href":"https:\/\/climenservices.com\/index.php\/wp-json\/wp\/v2\/media?parent=853"}],"curies":[{"name":"wp","href":"https:\/\/api.w.org\/{rel}","templated":true}]}}